 75 and 775.
25
What is the highest common divisor of 564 and 6580?
188
What is the greatest common factor of 6 and 662?
2
Calculate the greatest common divisor of 105 and 231.
21
What is the highest common factor of 133 and 14?
7
Calculate the highest common divisor of 34 and 1.
1
What is the highest common factor of 56 and 3703?
7
Calculate the highest common factor of 123 and 451.
41
Calculate the highest common divisor of 58 and 2233.
29
What is the highest common factor of 3824 and 16?
16
What is the highest common factor of 946 and 506?
22
What is the greatest common divisor of 36 and 3996?
36
What is the greatest common factor of 45 and 285?
15
What is the highest common divisor of 348 and 87?
87
What is the greatest common factor of 1441 and 11?
11
Calculate the greatest common divisor of 2875 and 125.
125
What is the highest common divisor of 1120 and 315?
35
Calculate the greatest common factor of 180 and 1485.
45
What is the greatest common factor of 377 and 13?
13
Calculate the highest common factor of 1394 and 170.
34
What is the highest common divisor of 6794 and 430?
86
Calculate the greatest common divisor of 253 and 874.
23
Calculate the greatest common divisor of 319 and 58.
29
Calculate the greatest common factor of 245 and 35.
35
Calculate the highest common factor of 2 and 47.
1
What is the greatest common factor of 9064 and 440?
88
Calculate the highest common factor of 1173 and 414.
69
Calculate the highest common factor of 30 and 4485.
15
What is the greatest common divisor of 60 and 108?
12
What is the highest common divisor of 110 and 80?
10
Calculate the greatest common divisor of 455 and 70.
35
What is the greatest common divisor of 272 and 391?
17
Calculate the greatest common divisor of 952 and 1972.
68
Calculate the greatest common divisor of 2379 and 549.
183
Calculate the greatest common factor of 10 and 94210.
10
Calculate the greatest common divisor of 71 and 1207.
71
What is the greatest common divisor of 18 and 1302?
6
What is the greatest common factor of 22 and 506?
22
Calculate the highest common divisor of 4125 and 2640.
165
Calculate the greatest common divisor of 1164 and 12.
12
Calculate the highest common divisor of 88 and 110.
22
Calculate the greatest common divisor of 1856 and 58.
58
What is the greatest common factor of 2725 and 75?
25
Calculate the greatest common factor of 12 and 1062.
6
Calculate the greatest common divisor of 24 and 18.
6
What is the highest common divisor of 826 and 1180?
118
What is the highest common divisor of 1349 and 284?
71
Calculate the greatest common divisor of 1785 and 135.
15
Calculate the greatest common divisor of 147 and 7.
7
Calculate the highest common divisor of 432 and 16.
16
Calculate the highest common factor of 19 and 304.
19
What is the greatest common factor of 28932 and 12?
12
What is the greatest common divisor of 20 and 227780?
20
What is the highest common factor of 423 and 94?
47
Calculate the greatest common divisor of 40 and 3760.
40
What is the highest common divisor of 49 and 91?
7
Calculate the greatest common divisor of 598 and 782.
46
What is the highest common divisor of 122120 and 172?
172
Calculate the greatest common factor of 782 and 34.
34
Calculate the greatest common divisor of 528 and 33.
33
Calculate the highest common factor of 495 and 1419.
33
Calculate the highest common factor of 86 and 4558.
86
Calculate the greatest common divisor of 35 and 3745.
35
Calculate the greatest common divisor of 9116 and 636.
212
What is the highest common factor of 11 and 1991?
11
What is the greatest common divisor of 9 and 27?
9
What is the highest common factor of 338 and 52?
26
Calculate the highest common divisor of 16 and 272.
16
What is the greatest common factor of 6 and 30?
6
What is the highest common divisor of 203 and 7?
7
What is the greatest common factor of 67084 and 124?
124
What is the highest common divisor of 6976 and 40?
8
Calculate the greatest common factor of 14 and 13559.
7
Calculate the highest common factor of 161 and 1265.
23
What is the greatest common factor of 106 and 11183?
53
Calculate the greatest common divisor of 249 and 3.
3
What is the greatest common divisor of 35 and 4375?
35
What is the greatest common factor of 30 and 5?
5
Calculate the greatest common divisor of 20 and 4.
4
What is the greatest common factor of 6 and 6?
6
What is the greatest common divisor of 496 and 1426?
62
What is the greatest common factor of 390 and 30?
30
Calculate the highest common factor of 71 and 1349.
71
What is the highest common factor of 551 and 57?
19
Calculate the highest common divisor of 20 and 790.
10
What is the greatest common divisor of 533 and 41?
41
Calculate the greatest common factor of 1843 and 97.
97
What is the greatest common factor of 198 and 3267?
99
What is the highest common divisor of 278 and 695?
139
What is the highest common factor of 63 and 567?
63
Calculate the highest common factor of 928 and 377.
29
Calculate the highest common factor of 126 and 30.
6
What is the greatest common divisor of 288 and 36?
36
What is the greatest common divisor of 27 and 783?
27
What is the greatest common divisor of 188 and 28?
4
Calculate the highest common divisor of 117 and 624.
39
Calculate the highest common divisor of 59 and 118.
59
What is the greatest common factor of 14 and 1848?
14
Calculate the highest common factor of 12199 and 11.
11
What is the greatest common divisor of 6 and 58?
2
Calculate the highest common divisor of 255 and 465.
15
Calculate the highest common factor of 432 and 2448.
144
What is the greatest common divisor of 72 and 147?
3
What is the highest common divisor of 18 and 306?
18
What is the greatest common factor of 752 and 47?
47
What is the greatest common factor of 21 and 7?
7
Calculate the greatest common divisor of 340 and 40.
20
What is the greatest common factor of 160 and 114?
2
What is the greatest common factor of 22 and 32?
2
Calculate the highest common factor of 1085 and 341.
31
Calculate the highest common divisor of 102 and 1275.
51
What is the highest common factor of 783 and 3?
3
What is the highest common divisor of 51 and 23?
1
What is the greatest common divisor of 48 and 56?
8
Calculate the highest common factor of 15 and 44385.
15
What is the greatest common factor of 6511 and 102?
17
What is the greatest common factor of 32 and 104?
8
What is the highest common factor of 90 and 285?
15
What is the greatest common factor of 328 and 9676?
164
What is the highest common divisor of 828 and 36?
36
Calculate the greatest common factor of 108 and 5316.
12
Calculate the greatest common divisor of 27 and 195.
3
Calculate the highest common factor of 729 and 9.
9
What is the highest common factor of 62 and 8742?
62
Calculate the highest common divisor of 33 and 341.
11
What is the greatest common factor of 63 and 14679?
63
What is the highest common factor of 40 and 64?
8
What is the highest common divisor of 169 and 676?
169
Calculate the highest common divisor of 448 and 14.
14
What is the greatest common factor of 18 and 486?
18
What is the highest common factor of 506 and 22?
22
What is the highest common factor of 312 and 4212?
156
Calculate the greatest common divisor of 212 and 530.
106
What is the greatest common divisor of 214 and 16799?
107
What is the greatest common factor of 39 and 377?
13
What is the highest common factor of 154 and 42?
14
Calculate the highest common factor of 4334 and 11.
11
What is the highest common factor of 19701 and 297?
99
Calculate the highest common divisor of 12552 and 24.
24
Calculate the highest common divisor of 48 and 264.
24
Calculate the highest common factor of 120 and 24.
24
Calculate the greatest common divisor of 2800 and 1360.
80
What is the highest common divisor of 64 and 11?
1
What is the greatest common divisor of 1 and 1201?
1
Calculate the highest common factor of 10 and 24.
2
What is the highest common factor of 5 and 3555?
5
What is the greatest common factor of 160 and 400?
80
What is the greatest common factor of 136 and 34?
34
Calculate the highest common divisor of 54 and 96.
6
Calculate the highest common divisor of 1833 and 117.
39
Calculate the highest common divisor of 36 and 732.
12
What is the gr